. Suppose -3*g = -2*a + 42, a - 14 = b*g + 10. What is the remainder when (6 + -19)/((-3)/12) is divided by a?
16
Suppose 4*o - 5*k + 29 = 94, k = -3*o + 44. Calculate the remainder when (-4 + (-156)/(-16))*36 is divided by o.
12
Suppose 7*l = 28*l - 21. Let i = l - -15. What is the remainder when 47 is divided by i?
15
Suppose -3234 = -23*l + 2033. What is the remainder when l is divided by 112?
5
What is the remainder when 628 is divided by ((-3)/(-3))/(66/2607*2/4)?
75
Let o(r) = r**3 + 5*r**2 - 8*r. Let j = -23320 + 23365. Calculate the remainder when j is divided by o(-6).
9
Suppose 0 = 201*i - 277*i + 11400. Calculate the remainder when 897 is divided by i.
147
Let g(a) = 37*a**2 - 1210*a - 57. Calculate the remainder when g(33) is divided by 24.
18
Suppose 0 = 8*l - 237 + 245. What is the remainder when (-95)/2*(-6 + l - -5) is divided by 40?
15
Let o(w) = w**2 + 5*w + 3. Let l(u) = 6*u + 2. Let t be l(5). Suppose f - t = -f. What is the remainder when f is divided by o(-6)?
7
Let q = -3 + 5. Let x = -227 - -233. What is the remainder when 1 + x/(-27) + (-58)/(-18) is divided by q?
0
Suppose 2*o = 394*h - 390*h + 164, 5*h - 110 = -2*o. Let y(q) = 18*q - 2. What is the remainder when o is divided by y(2)?
2
Suppose 4*p = -4*i + 124, p - 13*i + 8*i = 19. Calculate the remainder when p is divided by 1.
0
Suppose 15 = 4*a + 5*t, -2*t + 2 = 2*a - 6. Suppose -3*x + 148 = k, 0*x + 740 = a*k + x. Let m = k - 71. What is the remainder when m is divided by 26?
25
Suppose -153*o + 1931 = -364. Let v(c) = 10*c**2 + 5*c - 2. What is the remainder when v(-5) is divided by o?
13
Let t = 306 + -174. Suppose 0 = 4*s + 168 + t. Let a = -53 - s. What is the remainder when 58 is divided by a?
14
Suppose 3*m - 7308 = 3*p, -5*p + 125 = 130. Calculate the remainder when m is divided by 111.
104
Suppose 3*w - 31*p = -34*p + 603, 0 = 5*w + 4*p - 1003. Calculate the remainder when w is divided by 49.
3
Suppose c + 3*r = 23 + 53, 0 = 4*c + 5*r - 290. Suppose 0 = -4*o + 2*w + c, 6*w = 2*w - 12. What is the remainder when 76 is divided by o?
12
Suppose 21*k = 21748 + 18946 - 12701. What is the remainder when 1350 is divided by k?
17
Let l(z) = -44*z + 339. Let k(w) = 48*w - 338. Let c(o) = 6*k(o) + 7*l(o). What is the remainder when c(-9) is divided by 106?
101
Let x be (-3)/(1/((-128)/6)). Let h = -16 + x. Suppose 358 = 657*k - 2927. What is the remainder when h is divided by k?
3
Let v = 40222 + -40147. What is the remainder when 362 is divided by v?
62
Suppose -27 = 2*n - 3*n + 5*d, -n - 13 = 3*d. Calculate the remainder when 49 - (1242/(-297) - n/(-11)) is divided by 27.
26
Suppose -109*j + 2*m = -112*j + 838, 0 = 2*j + 4*m - 564. What is the remainder when j is divided by (-6 - -5)*(-13 + -1)?
12
Let i = 60 - 102. Let n = i + 46. Calculate the remainder when (-1 + 3)*(5 - n) is divided by 1.
0
Let t be 159/6 - (2 + 9/(-6)). Suppose -t*l = -29*l + 33. What is the remainder when l is divided by 6?
5
Let r(a) = -5*a**2 - 2*a - 2. Let k be r(-3). Let c = k - -46. Calculate the remainder when 39 is divided by ((24/c)/6)/(4/70).
11
Let w(a) = -a**3 + 2*a - 1. Let n be w(-2). Suppose 415 = -n*y - 131. What is the remainder when (8 + -9)/(2/y) is divided by 31?
29
Let w(l) = -l**2 - 104*l - 817. What is the remainder when w(-11) is divided by 30?
26
Let h be 2*(5 - (-15)/(-2)) - -21. Suppose -h*j - 699 = -2859. What is the remainder when j is divided by 20?
15
Calculate the remainder when 1 + (2/(-8) - 2) + (-2714)/(-8) is divided by 18.
14
Let i = 23843 - 23801. What is the remainder when 1377 is divided by i?
33
Suppose 2*s - 4*r = 186 + 74, 4*s - 3*r - 525 = 0. Calculate the remainder when s is divided by 115.
17
Let y = 580 + -577. Suppose -5*g + 19 = -4*n, 0 = y*g - n - 3 - 7. Calculate the remainder when 35 is divided by g.
2
Suppose 0 = 3*x + 15, 3*y - x = 2*y + 27. Let o(b) = -3*b**2 - 54*b - 45. Calculate the remainder when y is divided by o(-17).
4
Let o = -12344 - -12462. Calculate the remainder when 692 is divided by o.
102
Suppose 0 = -219*o + 247*o - 46256. Calculate the remainder when o is divided by 790.
72
Let u be (-1)/(-2)*(2 + 2). Suppose -2*z + 14 + 33 = 3*x, -u*z = -5*x + 73. Let s(r) = -r + 8. What is the remainder when s(-19) is divided by x?
12
Let q(w) = 616*w + 7415. Calculate the remainder when 1217 is divided by q(-12).
21
Let u(z) = z**3 + 30*z**2 + z + 61. Let d = 87 - 27. Calculate the remainder when d is divided by u(-30).
29
Suppose -712*r + 705*r + 35 = 0. Suppose -12*d + 13*d - 1147 = r*a, -4*a = -3*d + 3408. Calculate the remainder when d is divided by 11.
10
Let f = 16704 - 10163. Suppose 28*k + f = 26169. Calculate the remainder when k is divided by 16.
13
Let d(l) = -79*l - 1621. What is the remainder when 82 is divided by d(-21)?
6
Let v(f) = f**3 - 21*f**2 - 123*f - 30. Calculate the remainder when v(26) is divided by 15.
2
Let i(p) be the second derivative of -7*p**3/3 - 14*p**2 + 26*p - 2. Let z be i(-2). Calculate the remainder when (29/4 + z)*12 is divided by 15.
12
Let t = 205 + -50. Suppose 0 = 2*v + 101 - t. Calculate the remainder when 51 is divided by v.
24
Let r = 152 - 620. Let p = r + 840. Suppose 99 + p = 3*k. What is the remainder when k is divided by 32?
29
Let b(a) = a**3 + a**2 + 3*a + 2. Suppose -3*z = -5*z. Let n be b(z). What is the remainder when (n + -1)*13*(-3 - -5) is divided by 7?
5
Calculate the remainder when 836 is divided by (40/(-80))/((-1)/140).
66
Let v be ((-4)/(12/(-25)))/(2/48). Suppose v = 5*c + m, 3*m - 22 = c - 78. What is the remainder when 80 is divided by c?
39
Suppose 1 - 37 = -12*l. Let s = -6 - -10. Suppose -l*k - 4*x - s = 0, 4*x = 5*k - x - 40. Calculate the remainder when k is divided by 3.
1
Let o(l) = 275 - 818 + 284 + 271 + l**2. Suppose -3*d + d = 10. Calculate the remainder when o(d) is divided by 10.
7
What is the remainder when (-5558)/(-56) - 1/4 is divided by 11/(561/(-68)) - (-830)/15?
45
Let p = 93 + 34. Let t(b) = -34*b**3 + 4*b + 3. Calculate the remainder when p is divided by t(-1).
28
Let n(w) = 19*w**2 + 24 + 30 + 3*w - 62 + 5*w**2. Calculate the remainder when n(2) is divided by 17.
9
Suppose 30*b = 163*b - 22344. What is the remainder when b is divided by (-2 - (1 + -1)) + 21?
16
Suppose -2*i = 6, -174 = 2*v + 4*i - 224. What is the remainder when 1483 is divided by v?
26
Suppose -19075 + 5984 = -247*g. What is the remainder when 264 is divided by g?
52
Let h(a) = 3*a**2 + 307*a - 1361. Calculate the remainder when h(-112) is divided by 14.
11
What is the remainder when 4624/7 + (-92)/161 is divided by 35?
30
Suppose 27*v - 10035 = -2340. Calculate the remainder when v is divided by 8.
5
Suppose 94*t - 100468 = -26490. Calculate the remainder when t is divided by 392.
3
Suppose 3*k - 6*d = -2*d - 248, -3*k - 254 = 2*d. Let a = 157 + k. What is the remainder when a is divided by 15?
13
Suppose 3*f + i - 100 = 0, -f - 1914*i + 48 = -1910*i. What is the remainder when 6399 is divided by f?
31
Let x = 768 - 778. Let v(t) = -2*t**2 - 18*t + 31. Calculate the remainder when 371 is divided by v(x).
8
Let p(b) = -2*b**2 + 10*b - 26. Let m be p(6). Let z = m + 43. Suppose z*n - 48 = -n. What is the remainder when 23 is divided by n?
7
Calculate the remainder when (765/21 + 3)/(12/1218) is divided by 45.
42
Let h(s) = 161*s + 27. Let j be h(-8). What is the remainder when (j/26 + 9)/((-1)/2) is divided by 51?
28
Suppose -162572 - 78576 = -361*x. Calculate the remainder when x is divided by 57.
41
Suppose -110*v = -115*v + 35. Let y(c) = -c**2 + c + 8. Let g be (0/(-1))/(6/(-3)). Calculate the remainder when y(g) is divided by v.
1
Let f = -73 + 142. Suppose -4*k + f = -43. Let g = k + -21. What is the remainder when g is divided by 2?
1
Let z be ((-22)/6)/(8/(-24)). Let t(l) = l**2 - 3*l + 9. Calculate the remainder when t(z) is divided by ((-68)/(-10))/(3 - (-98)/(-35)).
29
Suppose t - 706 - 364 = -5*h, 0 = 3*t + h - 3140. Calculate the remainder when t is divided by 62.
53
Suppose 0 = 81*o - 31422 - 40499 - 6001. What is the remainder when o is divided by 479?
4
Let q be (-6 - -9)*80/(-12). Let y(f) = -f**3 - 20*f**2 - 3*f - 49. Calculate the remainder when 43 is divided by y(q).
10
Suppose -4*t - 58 + 38 = 0. Calculate the remainder when (t + (-4)/10)*-115 is divid